m. Let u be 12/((m/(-1))/4). Calculate the greatest common factor of u and a.
12
Let o(c) = -c - 17. Let h be o(-21). Suppose -h*v - 23 = -83. What is the highest common divisor of v and 75?
15
Suppose 76 = -0*w + 2*w. Suppose 3*r + w = 2*b, 2*b = 4*r - 9*r + 22. Calculate the highest common factor of b and 112.
16
Let c(b) = -4*b - 5 + 2*b - b + 2*b. Let x be c(-8). Let o(g) = g**2 - 33*g - 37. Let v be o(35). Calculate the greatest common divisor of v and x.
3
Let c be 107/7 - 8/(-140)*-5. Calculate the highest common divisor of 35 and c.
5
Let n be (-8 + 3)*4/(-10). Suppose -188 = -n*a - 2*a + 5*w, w - 80 = -2*a. Suppose 5*t - 153 = a. Calculate the greatest common divisor of t and 26.
13
Suppose 4*q - 17 = -4*i + 7, -i + 3 = -2*q. Calculate the highest common divisor of q and 11.
1
Let d be 1/((-14)/(-7) - 49/25). Let h = d + -5. Let n = -11 - -91. Calculate the greatest common divisor of n and h.
20
Suppose -5*k + 5*z = 3*z - 50, -z = -2*k + 21. Calculate the highest common divisor of 32 and k.
8
Let t(i) = 4*i**2 + 66*i + 15. Let l be t(-17). Calculate the highest common factor of l and 539.
49
Let r(h) = -21*h - 1. Let j be r(-1). Suppose 0 = -3*o + 3 + 6, -o + 43 = -2*k. Let p = k - -28. Calculate the greatest common factor of p and j.
4
Suppose 13 + 77 = 6*a. Suppose -4*x + 8*x + u - 299 = 0, -2*u - 2 = 0. Calculate the greatest common divisor of a and x.
15
Suppose -5*f - b + 175 = 0, 3*f - 3*b - 176 = -71. Let l = -26 + f. Calculate the greatest common factor of 99 and l.
9
Let w(q) = -q**3 - 4*q**2 - 6*q. Suppose 0 = 2*x + 2*v, 6*v = -x + 3*v + 10. Let k be w(x). Calculate the greatest common divisor of k and 5.
5
Suppose 2*r + 2*w - 596 = 0, 0*r + 5*w + 292 = r. Calculate the greatest common factor of r and 33.
33
Suppose 3*c + 4*d = 813, -5*c - 3*d + 7*d = -1355. Suppose -4*k = -2*f - k + c, 0 = -5*f - 5*k + 740. What is the greatest common divisor of 13 and f?
13
Let x be 2 + (2 - (-1 - -5)). Suppose 2*y + x*u + 2*u = 16, -18 = -3*y - u. Let i = 1954 - 1909. What is the greatest common factor of y and i?
5
Let o be (4/18 - 0) + 15134/423. Suppose -8*j + o = -12. What is the greatest common divisor of 15 and j?
3
Suppose -2*i + 253 = 3*h + 83, -5*i + 20 = 0. Let w = -5 + 7. Suppose w*f - 18 + 0 = 0. Calculate the greatest common factor of h and f.
9
Suppose 5*r - 18 - 2 = 0. Suppose -r = -2*b, b - 128 = -2*k - 0*b. What is the greatest common factor of k and 9?
9
Let z = 160 + -1044. Let l be z/(-10) + 44/(-110). What is the greatest common divisor of 8 and l?
8
Suppose 16 = 22*s - 6. Suppose -19 = -5*f + 1. Suppose -3 + 20 = f*j + 5*x, 2*j + 4*x = 10. Calculate the greatest common factor of j and s.
1
Let f(t) = 25*t - 6. Let c be f(5). Let n = 29 + -12. Calculate the greatest common factor of n and c.
17
Let n = -45 - -4. Let l = n - -56. What is the highest common divisor of l and 75?
15
Let m be (1/(-3))/(4/(-60)). Suppose m*p + 7 = 187. Calculate the greatest common factor of p and 54.
18
Let r = 21 + -13. Suppose -10 - r = -3*c. Suppose g = 3*x - 201, 0*x - g + 195 = 3*x. What is the greatest common divisor of x and c?
6
Let z = -3 - -5. Suppose -3*f - z*f + 15 = 0. Suppose -4*m + w + 110 = -w, 0 = 4*m - f*w - 113. Calculate the highest common factor of m and 65.
13
Let d(x) = -2*x - 3. Let n be d(-2). Suppose -l = -2*l + n. Let k be 3 + l/(-2)*-2. What is the greatest common factor of 28 and k?
4
Let a be 6/9 - 31/(-3). Let g(u) = 21*u**2 - 4*u + 1. Let i be g(5). Suppose 143 = -3*c + i. Calculate the greatest common divisor of c and a.
11
Let p(b) = 106*b**3 - 3*b**2 + 10*b - 8. Let z be p(1). What is the highest common divisor of 180 and z?
15
Let l = -413 - -638. What is the greatest common divisor of l and 54?
9
Suppose -5*v - 41 = -3*k - 187, k = 3. Suppose a - 17 = v. Calculate the highest common factor of 36 and a.
12
Suppose 13 - 1 = -3*w. Let j be 0 + (112/w)/2. Let q be 26/(-91) + (-312)/j. What is the greatest common factor of 22 and q?
22
Let x(b) = b**2 - 5*b + 10. Let c(i) = 4*i**2 + 2*i - 2. Let r be c(1). Let m be x(r). What is the greatest common factor of m and 2?
2
Let d(a) = -5*a + 5. Let m(t) = 2*t**3 + t**2 - 2*t. Let u be m(-2). Let o be d(u). What is the greatest common factor of o and 5?
5
Let b(m) = -m**3 - 7*m**2 - 7*m - 2. Let a be b(-6). Let d = 414 - 413. Let l be (a - d) + 127 + -2. What is the greatest common factor of l and 16?
16
Let b(z) = -z - 5. Let m be b(-3). Let i be 58/(0/(-4) - m). Suppose 7 + 18 = 5*y, 2*s + y - i = 0. What is the greatest common divisor of s and 48?
12
Let b(k) = 5*k - 2. Let w be b(2). Let f = 66 - 74. Let n be -3*145/(-60) - 6/f. What is the highest common factor of w and n?
8
Let c be -1 + -2 + 4 + (-174)/(-6). Let h be 804/5 + 6/c. What is the greatest common divisor of h and 7?
7
Suppose 79 = 5*t + 9. Let m = 39 + -32. Suppose -378 = -10*h + m*h. Calculate the highest common divisor of t and h.
14
Let i(k) = 149*k + 456. Let u be i(12). Calculate the highest common divisor of 132 and u.
132
Let b = 299 + -275. Suppose 10 = -5*p, -6*p - 128 = -5*i - 2*p. Calculate the highest common factor of b and i.
24
Let u = -60 - -12. Let w be (-106)/(-12) - 8/u. Let y be 1*(-2)/((-2)/81). What is the highest common factor of y and w?
9
Suppose -2*k = -4*a + 64, 4*k - 4 - 30 = -a. Calculate the greatest common factor of a and 576.
18
Suppose 2*y + 6*f - 9*f = 912, y - 4*f - 451 = 0. What is the highest common factor of 27 and y?
27
Suppose -21*r - 4*m + 148 = -17*r, m - 77 = -2*r. Calculate the highest common factor of 125 and r.
5
Let t(d) = 2*d**2 + 5*d - 92. Let q be t(7). Calculate the highest common factor of 123 and q.
41
Suppose 3*o = -2*o + 5*z + 630, -2*o - 4*z + 252 = 0. Suppose 12 = 5*l - 3. Suppose 0 = r + l - 17. Calculate the greatest common divisor of o and r.
14
Let a(c) = -c**3 + 5*c**2 - c - 1. Let s be a(5). Let r = 11 + s. Suppose 0*d - r*d = -60. What is the greatest common factor of 108 and d?
12
Let d(p) = 65*p - 80. Let b be d(4). Calculate the highest common factor of 396 and b.
36
Let q(o) = 2*o**2 + 5*o - 9. Let d be q(-8). Let s = 142 - d. Suppose -194*w + 195*w - 9 = 0. Calculate the greatest common divisor of s and w.
9
Let j be -66*((-7)/(-2) + -4). Let l be (-3 + -178)*-2 + 1. What is the highest common divisor of l and j?
33
Suppose -3*v + 5620 = 5*k, -k - 4*v - 621 = -1762. What is the highest common divisor of 118 and k?
59
Suppose 0 = 72*c - 70404 + 19716. Calculate the greatest common factor of 22 and c.
22
Let g(t) = -2*t - 2. Let i be g(-6). Let k(q) = -25*q - 96. Let f be k(-4). Let u be 88/3 + f*11/66. Calculate the greatest common divisor of u and i.
10
Let f = 17 + -13. Let j(l) = -l**3 + 7*l**2 - 4*l - 6. Let w be j(5). Suppose w = 5*z - z. Calculate the highest common factor of z and f.
2
Let t be (24/14)/((-20)/(-630)). Suppose 2*p = -p + t. What is the highest common factor of p and 12?
6
Let y(l) = -l**2 + 15*l - 26. Let o be y(5). What is the greatest common divisor of o and 78?
6
Suppose 9*w = 4*w + 80. Suppose -5*t + 46 = -3*v, -2*t = -0*v - 2*v - w. Suppose 3*z + t - 242 = 0. Calculate the greatest common factor of z and 7.
7
Suppose -m + 2*l + 50 = 0, 0*l - 3*l - 12 = 0. Suppose 3*x + 105 = 8*x. What is the greatest common divisor of m and x?
21
Let g = 815 - 199. What is the greatest common factor of 11 and g?
11
Let a(i) = -i**2 - 6*i - 5. Let p be a(-4). Suppose -2*w = p*w. Suppose -3*g = -4*b + g + 16, w = -g - 1. What is the highest common divisor of 24 and b?
3
Let x = -41 + 103. Suppose k + 4*k = 4*l - x, -4*k - 28 = -2*l. Let o be (1 - 1) + -1 - -73. What is the greatest common divisor of o and l?
18
Suppose -5*b + 126 = 2*r - 264, 4*b - 592 = -3*r. What is the highest common divisor of r and 25?
25
Let h be (-4)/(-14) + (-984)/(-84). Suppose 0 = 74*t - 70*t - 384. Calculate the highest common divisor of h and t.
12
Let v be 1 + 3/((-15)/10) - -86. What is the highest common divisor of v and 68?
17
Suppose 7*k - 2255 = -4*k. Let x = -105 + k. Calculate the highest common divisor of x and 25.
25
Suppose -68*q + 6552 = -61*q. Calculate the greatest common divisor of q and 72.
72
Suppose 448 = -3*j - 2*x - 2*x, 0 = 2*x + 8. Let p be (8/(-16))/(2/j). Calculate the highest common divisor of 24 and p.
12
Suppose